{"id":9942,"date":"2026-03-26T18:05:59","date_gmt":"2026-03-26T18:05:59","guid":{"rendered":"https:\/\/lmropaccesorios.com\/?post_type=product&#038;p=9942"},"modified":"2026-03-26T18:05:59","modified_gmt":"2026-03-26T18:05:59","slug":"blusa-mary","status":"publish","type":"product","link":"https:\/\/lmropaccesorios.com\/index.php\/producto\/blusa-mary\/","title":{"rendered":"Blusa Mary"},"content":{"rendered":"<p>Blusa de crep de lino de ca\u00edda suave y liviana, ideal para un look elegante y fresco. Presenta escote en V con delicados volados en el frente que aportan movimiento y un detalle de lazo para ajustar. Las mangas son amplias, con leve frunce en hombros y pu\u00f1os elastizados con terminaci\u00f3n en volado, logrando un dise\u00f1o femenino y sofisticado. Perfecta para combinar tanto en looks casuales como m\u00e1s formales.<\/p>\n<p>Medidas Aproximadas<\/p>\n<p>Busto 120cm<\/p>\n<p>Largo 57cm<\/p>\n<p>Sisa 24cm<\/p>\n<p>Largo de mangas 47cm<\/p>\n<p>Ancho 52cm<\/p>\n<p>Ancho Hombro 40cm<\/p>\n<p>Recomendamos lavar a mano<\/p>\n","protected":false},"excerpt":{"rendered":"<p>Blusa de crep de lino de ca\u00edda suave y liviana, ideal para un look elegante y fresco. Presenta escote en V con delicados volados en el frente que aportan movimiento y un detalle de lazo para ajustar. Las mangas son amplias, con leve frunce en hombros y pu\u00f1os elastizados con terminaci\u00f3n en volado, logrando un &hellip;<\/p>\n<p class=\"read-more\"> <a class=\"\" href=\"https:\/\/lmropaccesorios.com\/index.php\/producto\/blusa-mary\/\"> <span class=\"screen-reader-text\">Blusa Mary<\/span> Leer m\u00e1s &raquo;<\/a><\/p>\n","protected":false},"featured_media":9941,"comment_status":"open","ping_status":"closed","template":"","meta":{"site-sidebar-layout":"default","site-content-layout":"default","ast-global-header-display":"","ast-main-header-display":"","ast-hfb-above-header-display":"","ast-hfb-below-header-display":"","ast-hfb-mobile-header-display":"","site-post-title":"","ast-breadcrumbs-content":"","ast-featured-img":"","footer-sml-layout":"","theme-transparent-header-meta":"default","adv-header-id-meta":"","stick-header-meta":"","header-above-stick-meta":"","header-main-stick-meta":"","header-below-stick-meta":"","_joinchat":[]},"product_brand":[],"product_cat":[32,77],"product_tag":[],"class_list":{"0":"post-9942","1":"product","2":"type-product","3":"status-publish","4":"has-post-thumbnail","6":"product_cat-camisas","7":"product_cat-nuevos-ingresos","8":"desktop-align-left","9":"tablet-align-left","10":"mobile-align-left","12":"first","13":"instock","14":"shipping-taxable","15":"purchasable","16":"product-type-variable"},"_links":{"self":[{"href":"https:\/\/lmropaccesorios.com\/index.php\/wp-json\/wp\/v2\/product\/9942","targetHints":{"allow":["GET"]}}],"collection":[{"href":"https:\/\/lmropaccesorios.com\/index.php\/wp-json\/wp\/v2\/product"}],"about":[{"href":"https:\/\/lmropaccesorios.com\/index.php\/wp-json\/wp\/v2\/types\/product"}],"replies":[{"embeddable":true,"href":"https:\/\/lmropaccesorios.com\/index.php\/wp-json\/wp\/v2\/comments?post=9942"}],"wp:featuredmedia":[{"embeddable":true,"href":"https:\/\/lmropaccesorios.com\/index.php\/wp-json\/wp\/v2\/media\/9941"}],"wp:attachment":[{"href":"https:\/\/lmropaccesorios.com\/index.php\/wp-json\/wp\/v2\/media?parent=9942"}],"wp:term":[{"taxonomy":"product_brand","embeddable":true,"href":"https:\/\/lmropaccesorios.com\/index.php\/wp-json\/wp\/v2\/product_brand?post=9942"},{"taxonomy":"product_cat","embeddable":true,"href":"https:\/\/lmropaccesorios.com\/index.php\/wp-json\/wp\/v2\/product_cat?post=9942"},{"taxonomy":"product_tag","embeddable":true,"href":"https:\/\/lmropaccesorios.com\/index.php\/wp-json\/wp\/v2\/product_tag?post=9942"}],"curies":[{"name":"wp","href":"https:\/\/api.w.org\/{rel}","templated":true}]}}