{"id":10072,"date":"2026-03-31T17:28:51","date_gmt":"2026-03-31T17:28:51","guid":{"rendered":"https:\/\/lmropaccesorios.com\/?post_type=product&#038;p=10072"},"modified":"2026-03-31T17:28:51","modified_gmt":"2026-03-31T17:28:51","slug":"pantalon-bomber","status":"publish","type":"product","link":"https:\/\/lmropaccesorios.com\/index.php\/producto\/pantalon-bomber\/","title":{"rendered":"Pantal\u00f3n Bomber"},"content":{"rendered":"<p dir=\"ltr\"><b>Pantal\u00f3n Wide Leg Suede \u2013 Textura y Confort Total<\/b><\/p>\n<p dir=\"ltr\">Elev\u00e1 tu look de temporada con nuestros pantalones en tela suede. Tienen ese toque aterciopelado que am\u00e1s, sumado a una ca\u00edda incre\u00edble.<\/p>\n<ul>\n<li dir=\"ltr\">\u200b<b>Ajuste Inteligente:<\/b> Gracias a su el\u00e1stico con spandex en la parte trasera, se adaptan a tu cintura sin apretar.<\/li>\n<li dir=\"ltr\">\u200b<b>Detalles:<\/b> Corte amplio (Wide Leg) que estiliza la figura y bolsillos laterales funcionales.<\/li>\n<li dir=\"ltr\">\u200b<b>Colores disponibles:<\/b> Negro cl\u00e1sico, Chocolate profundo y Suela natural.<\/li>\n<li dir=\"ltr\">Medidas Aproximadas<\/li>\n<li dir=\"ltr\">Largo 106cm<\/li>\n<li dir=\"ltr\">Cintura fija 76cm<\/li>\n<li dir=\"ltr\">Cintura elastizada 106cm<\/li>\n<li dir=\"ltr\">C.Cadera 110cm<\/li>\n<li dir=\"ltr\">C.pierna 60cm<\/li>\n<li dir=\"ltr\"><\/li>\n<li dir=\"ltr\"><\/li>\n<\/ul>\n","protected":false},"excerpt":{"rendered":"<p>Pantal\u00f3n Wide Leg Suede \u2013 Textura y Confort Total Elev\u00e1 tu look de temporada con nuestros pantalones en tela suede. Tienen ese toque aterciopelado que am\u00e1s, sumado a una ca\u00edda incre\u00edble. \u200bAjuste Inteligente: Gracias a su el\u00e1stico con spandex en la parte trasera, se adaptan a tu cintura sin apretar. \u200bDetalles: Corte amplio (Wide Leg) &hellip;<\/p>\n<p class=\"read-more\"> <a class=\"\" href=\"https:\/\/lmropaccesorios.com\/index.php\/producto\/pantalon-bomber\/\"> <span class=\"screen-reader-text\">Pantal\u00f3n Bomber<\/span> Leer m\u00e1s &raquo;<\/a><\/p>\n","protected":false},"featured_media":10083,"comment_status":"open","ping_status":"closed","template":"","meta":{"site-sidebar-layout":"default","site-content-layout":"default","ast-global-header-display":"","ast-main-header-display":"","ast-hfb-above-header-display":"","ast-hfb-below-header-display":"","ast-hfb-mobile-header-display":"","site-post-title":"","ast-breadcrumbs-content":"","ast-featured-img":"","footer-sml-layout":"","theme-transparent-header-meta":"default","adv-header-id-meta":"","stick-header-meta":"","header-above-stick-meta":"","header-main-stick-meta":"","header-below-stick-meta":"","_joinchat":[]},"product_brand":[],"product_cat":[77,44],"product_tag":[],"class_list":{"0":"post-10072","1":"product","2":"type-product","3":"status-publish","4":"has-post-thumbnail","6":"product_cat-nuevos-ingresos","7":"product_cat-pantalones","8":"desktop-align-left","9":"tablet-align-left","10":"mobile-align-left","12":"first","13":"instock","14":"shipping-taxable","15":"purchasable","16":"product-type-variable"},"_links":{"self":[{"href":"https:\/\/lmropaccesorios.com\/index.php\/wp-json\/wp\/v2\/product\/10072","targetHints":{"allow":["GET"]}}],"collection":[{"href":"https:\/\/lmropaccesorios.com\/index.php\/wp-json\/wp\/v2\/product"}],"about":[{"href":"https:\/\/lmropaccesorios.com\/index.php\/wp-json\/wp\/v2\/types\/product"}],"replies":[{"embeddable":true,"href":"https:\/\/lmropaccesorios.com\/index.php\/wp-json\/wp\/v2\/comments?post=10072"}],"wp:featuredmedia":[{"embeddable":true,"href":"https:\/\/lmropaccesorios.com\/index.php\/wp-json\/wp\/v2\/media\/10083"}],"wp:attachment":[{"href":"https:\/\/lmropaccesorios.com\/index.php\/wp-json\/wp\/v2\/media?parent=10072"}],"wp:term":[{"taxonomy":"product_brand","embeddable":true,"href":"https:\/\/lmropaccesorios.com\/index.php\/wp-json\/wp\/v2\/product_brand?post=10072"},{"taxonomy":"product_cat","embeddable":true,"href":"https:\/\/lmropaccesorios.com\/index.php\/wp-json\/wp\/v2\/product_cat?post=10072"},{"taxonomy":"product_tag","embeddable":true,"href":"https:\/\/lmropaccesorios.com\/index.php\/wp-json\/wp\/v2\/product_tag?post=10072"}],"curies":[{"name":"wp","href":"https:\/\/api.w.org\/{rel}","templated":true}]}}